{"id":139309,"date":"2014-03-26T12:26:42","date_gmt":"2014-03-26T12:26:42","guid":{"rendered":"http:\/\/fundaciobofill.mortensen.cat\/publicacions-videos\/sanduk\/"},"modified":"2014-03-26T12:26:42","modified_gmt":"2014-03-26T12:26:42","slug":"sanduk","status":"publish","type":"publicacions","link":"https:\/\/pre.equitat.org\/es\/publicacions-videos\/sanduk","title":{"rendered":"Sanduk"},"content":{"rendered":"<p>Gu\u00eda para la formaci\u00f3n de los educadores en interculturalidat e inmigraci\u00f3n.<\/p>\n","protected":false},"excerpt":{"rendered":"<p>Gu\u00eda para la formaci\u00f3n de los educadores en interculturalidat e inmigraci\u00f3n.<\/p>\n","protected":false},"featured_media":139313,"parent":0,"menu_order":0,"template":"","class_list":["post-139309","publicacions","type-publicacions","status-publish","has-post-thumbnail","hentry"],"acf":[],"yoast_head":"<!-- This site is optimized with the Yoast SEO plugin v28.3 - https:\/\/yoast.com\/product\/yoast-seo-wordpress\/ -->\n<title>Sanduk - Equitat.org<\/title>\n<meta name=\"robots\" content=\"noindex, follow, max-snippet:-1, max-image-preview:large, max-video-preview:-1\" \/>\n<meta property=\"og:locale\" content=\"es_ES\" \/>\n<meta property=\"og:type\" content=\"article\" \/>\n<meta property=\"og:title\" content=\"Sanduk - Equitat.org\" \/>\n<meta property=\"og:description\" content=\"Gu\u00eda para la formaci\u00f3n de los educadores en interculturalidat e inmigraci\u00f3n.\" \/>\n<meta property=\"og:url\" content=\"https:\/\/pre.equitat.org\/es\/publicacions-videos\/sanduk\" \/>\n<meta property=\"og:site_name\" content=\"Equitat.org\" \/>\n<meta property=\"article:publisher\" content=\"https:\/\/www.facebook.com\/FundacioBofill?locale=es_ES\" \/>\n<meta property=\"og:image\" content=\"https:\/\/www.equitat.org\/app\/uploads\/2025\/03\/408.gif\" \/>\n\t<meta property=\"og:image:width\" content=\"80\" \/>\n\t<meta property=\"og:image:height\" content=\"72\" \/>\n\t<meta property=\"og:image:type\" content=\"image\/gif\" \/>\n<meta name=\"twitter:card\" content=\"summary_large_image\" \/>\n<meta name=\"twitter:site\" content=\"@FundacioBofill\" \/>\n<script type=\"application\/ld+json\" class=\"yoast-schema-graph\">{\"@context\":\"https:\\\/\\\/schema.org\",\"@graph\":[{\"@type\":\"WebPage\",\"@id\":\"https:\\\/\\\/pre.equitat.org\\\/es\\\/publicacions-videos\\\/sanduk\",\"url\":\"https:\\\/\\\/pre.equitat.org\\\/es\\\/publicacions-videos\\\/sanduk\",\"name\":\"Sanduk - Equitat.org\",\"isPartOf\":{\"@id\":\"https:\\\/\\\/pre.equitat.org\\\/es#website\"},\"primaryImageOfPage\":{\"@id\":\"https:\\\/\\\/pre.equitat.org\\\/es\\\/publicacions-videos\\\/sanduk#primaryimage\"},\"image\":{\"@id\":\"https:\\\/\\\/pre.equitat.org\\\/es\\\/publicacions-videos\\\/sanduk#primaryimage\"},\"thumbnailUrl\":\"https:\\\/\\\/pre.equitat.org\\\/app\\\/uploads\\\/2025\\\/03\\\/408.gif\",\"datePublished\":\"2014-03-26T12:26:42+00:00\",\"inLanguage\":\"es\",\"potentialAction\":[{\"@type\":\"ReadAction\",\"target\":[\"https:\\\/\\\/pre.equitat.org\\\/es\\\/publicacions-videos\\\/sanduk\"]}]},{\"@type\":\"ImageObject\",\"inLanguage\":\"es\",\"@id\":\"https:\\\/\\\/pre.equitat.org\\\/es\\\/publicacions-videos\\\/sanduk#primaryimage\",\"url\":\"https:\\\/\\\/pre.equitat.org\\\/app\\\/uploads\\\/2025\\\/03\\\/408.gif\",\"contentUrl\":\"https:\\\/\\\/pre.equitat.org\\\/app\\\/uploads\\\/2025\\\/03\\\/408.gif\",\"width\":80,\"height\":72},{\"@type\":\"WebSite\",\"@id\":\"https:\\\/\\\/pre.equitat.org\\\/es#website\",\"url\":\"https:\\\/\\\/pre.equitat.org\\\/es\",\"name\":\"Equitat.org\",\"description\":\"educaci\u00f3 per canviar-ho tot\",\"publisher\":{\"@id\":\"https:\\\/\\\/pre.equitat.org\\\/es#organization\"},\"potentialAction\":[{\"@type\":\"SearchAction\",\"target\":{\"@type\":\"EntryPoint\",\"urlTemplate\":\"https:\\\/\\\/pre.equitat.org\\\/es?s={search_term_string}\"},\"query-input\":{\"@type\":\"PropertyValueSpecification\",\"valueRequired\":true,\"valueName\":\"search_term_string\"}}],\"inLanguage\":\"es\"},{\"@type\":\"Organization\",\"@id\":\"https:\\\/\\\/pre.equitat.org\\\/es#organization\",\"name\":\"Equitat\",\"url\":\"https:\\\/\\\/pre.equitat.org\\\/es\",\"logo\":{\"@type\":\"ImageObject\",\"inLanguage\":\"es\",\"@id\":\"https:\\\/\\\/pre.equitat.org\\\/es#\\\/schema\\\/logo\\\/image\\\/\",\"url\":\"https:\\\/\\\/pre.equitat.org\\\/app\\\/uploads\\\/2026\\\/04\\\/fundacio_jaume_bofill_logo.jpg\",\"contentUrl\":\"https:\\\/\\\/pre.equitat.org\\\/app\\\/uploads\\\/2026\\\/04\\\/fundacio_jaume_bofill_logo.jpg\",\"width\":200,\"height\":200,\"caption\":\"Equitat\"},\"image\":{\"@id\":\"https:\\\/\\\/pre.equitat.org\\\/es#\\\/schema\\\/logo\\\/image\\\/\"},\"sameAs\":[\"https:\\\/\\\/www.facebook.com\\\/FundacioBofill?locale=es_ES\",\"https:\\\/\\\/x.com\\\/FundacioBofill\"]}]}<\/script>\n<!-- \/ Yoast SEO plugin. -->","yoast_head_json":{"title":"Sanduk - Equitat.org","robots":{"index":"noindex","follow":"follow","max-snippet":"max-snippet:-1","max-image-preview":"max-image-preview:large","max-video-preview":"max-video-preview:-1"},"og_locale":"es_ES","og_type":"article","og_title":"Sanduk - Equitat.org","og_description":"Gu\u00eda para la formaci\u00f3n de los educadores en interculturalidat e inmigraci\u00f3n.","og_url":"https:\/\/pre.equitat.org\/es\/publicacions-videos\/sanduk","og_site_name":"Equitat.org","article_publisher":"https:\/\/www.facebook.com\/FundacioBofill?locale=es_ES","og_image":[{"width":80,"height":72,"url":"https:\/\/www.equitat.org\/app\/uploads\/2025\/03\/408.gif","type":"image\/gif"}],"twitter_card":"summary_large_image","twitter_site":"@FundacioBofill","schema":{"@context":"https:\/\/schema.org","@graph":[{"@type":"WebPage","@id":"https:\/\/pre.equitat.org\/es\/publicacions-videos\/sanduk","url":"https:\/\/pre.equitat.org\/es\/publicacions-videos\/sanduk","name":"Sanduk - Equitat.org","isPartOf":{"@id":"https:\/\/pre.equitat.org\/es#website"},"primaryImageOfPage":{"@id":"https:\/\/pre.equitat.org\/es\/publicacions-videos\/sanduk#primaryimage"},"image":{"@id":"https:\/\/pre.equitat.org\/es\/publicacions-videos\/sanduk#primaryimage"},"thumbnailUrl":"https:\/\/pre.equitat.org\/app\/uploads\/2025\/03\/408.gif","datePublished":"2014-03-26T12:26:42+00:00","inLanguage":"es","potentialAction":[{"@type":"ReadAction","target":["https:\/\/pre.equitat.org\/es\/publicacions-videos\/sanduk"]}]},{"@type":"ImageObject","inLanguage":"es","@id":"https:\/\/pre.equitat.org\/es\/publicacions-videos\/sanduk#primaryimage","url":"https:\/\/pre.equitat.org\/app\/uploads\/2025\/03\/408.gif","contentUrl":"https:\/\/pre.equitat.org\/app\/uploads\/2025\/03\/408.gif","width":80,"height":72},{"@type":"WebSite","@id":"https:\/\/pre.equitat.org\/es#website","url":"https:\/\/pre.equitat.org\/es","name":"Equitat.org","description":"educaci\u00f3 per canviar-ho tot","publisher":{"@id":"https:\/\/pre.equitat.org\/es#organization"},"potentialAction":[{"@type":"SearchAction","target":{"@type":"EntryPoint","urlTemplate":"https:\/\/pre.equitat.org\/es?s={search_term_string}"},"query-input":{"@type":"PropertyValueSpecification","valueRequired":true,"valueName":"search_term_string"}}],"inLanguage":"es"},{"@type":"Organization","@id":"https:\/\/pre.equitat.org\/es#organization","name":"Equitat","url":"https:\/\/pre.equitat.org\/es","logo":{"@type":"ImageObject","inLanguage":"es","@id":"https:\/\/pre.equitat.org\/es#\/schema\/logo\/image\/","url":"https:\/\/pre.equitat.org\/app\/uploads\/2026\/04\/fundacio_jaume_bofill_logo.jpg","contentUrl":"https:\/\/pre.equitat.org\/app\/uploads\/2026\/04\/fundacio_jaume_bofill_logo.jpg","width":200,"height":200,"caption":"Equitat"},"image":{"@id":"https:\/\/pre.equitat.org\/es#\/schema\/logo\/image\/"},"sameAs":["https:\/\/www.facebook.com\/FundacioBofill?locale=es_ES","https:\/\/x.com\/FundacioBofill"]}]}},"_links":{"self":[{"href":"https:\/\/pre.equitat.org\/es\/wp-json\/wp\/v2\/publicacions\/139309","targetHints":{"allow":["GET"]}}],"collection":[{"href":"https:\/\/pre.equitat.org\/es\/wp-json\/wp\/v2\/publicacions"}],"about":[{"href":"https:\/\/pre.equitat.org\/es\/wp-json\/wp\/v2\/types\/publicacions"}],"wp:featuredmedia":[{"embeddable":true,"href":"https:\/\/pre.equitat.org\/es\/wp-json\/wp\/v2\/media\/139313"}],"wp:attachment":[{"href":"https:\/\/pre.equitat.org\/es\/wp-json\/wp\/v2\/media?parent=139309"}],"curies":[{"name":"wp","href":"https:\/\/api.w.org\/{rel}","templated":true}]}}

<p>Guía para la formación de los educadores en interculturalidat e inmigración.</p>

<!-- This site is optimized with the Yoast SEO plugin v28.3 - https://yoast.com/product/yoast-seo-wordpress/ -->
<title>Sanduk - Equitat.org</title>
<meta name="robots" content="noindex, follow, max-snippet:-1, max-image-preview:large, max-video-preview:-1" />
<meta property="og:locale" content="es_ES" />
<meta property="og:type" content="article" />
<meta property="og:title" content="Sanduk - Equitat.org" />
<meta property="og:description" content="Guía para la formación de los educadores en interculturalidat e inmigración." />
<meta property="og:url" content="https://pre.equitat.org/es/publicacions-videos/sanduk" />
<meta property="og:site_name" content="Equitat.org" />
<meta property="article:publisher" content="https://www.facebook.com/FundacioBofill?locale=es_ES" />
<meta property="og:image" content="https://www.equitat.org/app/uploads/2025/03/408.gif" />
	<meta property="og:image:width" content="80" />
	<meta property="og:image:height" content="72" />
	<meta property="og:image:type" content="image/gif" />
<meta name="twitter:card" content="summary_large_image" />
<meta name="twitter:site" content="@FundacioBofill" />
<script type="application/ld+json" class="yoast-schema-graph">{"@context":"https:\/\/schema.org","@graph":[{"@type":"WebPage","@id":"https:\/\/pre.equitat.org\/es\/publicacions-videos\/sanduk","url":"https:\/\/pre.equitat.org\/es\/publicacions-videos\/sanduk","name":"Sanduk - Equitat.org","isPartOf":{"@id":"https:\/\/pre.equitat.org\/es#website"},"primaryImageOfPage":{"@id":"https:\/\/pre.equitat.org\/es\/publicacions-videos\/sanduk#primaryimage"},"image":{"@id":"https:\/\/pre.equitat.org\/es\/publicacions-videos\/sanduk#primaryimage"},"thumbnailUrl":"https:\/\/pre.equitat.org\/app\/uploads\/2025\/03\/408.gif","datePublished":"2014-03-26T12:26:42+00:00","inLanguage":"es","potentialAction":[{"@type":"ReadAction","target":["https:\/\/pre.equitat.org\/es\/publicacions-videos\/sanduk"]}]},{"@type":"ImageObject","inLanguage":"es","@id":"https:\/\/pre.equitat.org\/es\/publicacions-videos\/sanduk#primaryimage","url":"https:\/\/pre.equitat.org\/app\/uploads\/2025\/03\/408.gif","contentUrl":"https:\/\/pre.equitat.org\/app\/uploads\/2025\/03\/408.gif","width":80,"height":72},{"@type":"WebSite","@id":"https:\/\/pre.equitat.org\/es#website","url":"https:\/\/pre.equitat.org\/es","name":"Equitat.org","description":"educació per canviar-ho tot","publisher":{"@id":"https:\/\/pre.equitat.org\/es#organization"},"potentialAction":[{"@type":"SearchAction","target":{"@type":"EntryPoint","urlTemplate":"https:\/\/pre.equitat.org\/es?s={search_term_string}"},"query-input":{"@type":"PropertyValueSpecification","valueRequired":true,"valueName":"search_term_string"}}],"inLanguage":"es"},{"@type":"Organization","@id":"https:\/\/pre.equitat.org\/es#organization","name":"Equitat","url":"https:\/\/pre.equitat.org\/es","logo":{"@type":"ImageObject","inLanguage":"es","@id":"https:\/\/pre.equitat.org\/es#\/schema\/logo\/image\/","url":"https:\/\/pre.equitat.org\/app\/uploads\/2026\/04\/fundacio_jaume_bofill_logo.jpg","contentUrl":"https:\/\/pre.equitat.org\/app\/uploads\/2026\/04\/fundacio_jaume_bofill_logo.jpg","width":200,"height":200,"caption":"Equitat"},"image":{"@id":"https:\/\/pre.equitat.org\/es#\/schema\/logo\/image\/"},"sameAs":["https:\/\/www.facebook.com\/FundacioBofill?locale=es_ES","https:\/\/x.com\/FundacioBofill"]}]}</script>
<!-- / Yoast SEO plugin. -->

Guía para la formación de los educadores en interculturalidat e inmigración.

educació per canviar-ho tot
