{"id":139744,"date":"2014-10-10T07:38:00","date_gmt":"2014-10-10T07:38:00","guid":{"rendered":"http:\/\/fundaciobofill.mortensen.cat\/publicacions-videos\/la-reconstruccion-de-la-identidad-latina-y-su-relacion-con-la-institucion-escolar\/"},"modified":"2014-10-10T07:38:00","modified_gmt":"2014-10-10T07:38:00","slug":"la-reconstruccion-de-la-identidad-latina-y-su-relacion-con-la-institucion-escolar","status":"publish","type":"publicacions","link":"https:\/\/pre.equitat.org\/es\/publicacions-videos\/la-reconstruccion-de-la-identidad-latina-y-su-relacion-con-la-institucion-escolar","title":{"rendered":"La reconstrucci\u00f3n de la \u00abidentidad latina\u00bb y su relaci\u00f3n con la instituci\u00f3n escolar"},"content":{"rendered":"<p>Trabajo final de la investigaci\u00f3n etnogr\u00e1fica realizada con el apoyo de la Fundaci\u00f3 Jaume Bofill durante el periodo de enero a noviembre del 2006.<\/p>\n","protected":false},"excerpt":{"rendered":"<p>Trabajo final de la investigaci\u00f3n etnogr\u00e1fica realizada con el apoyo de la Fundaci\u00f3 Jaume Bofill durante el periodo de enero a noviembre del 2006.<\/p>\n","protected":false},"featured_media":114162,"parent":0,"menu_order":0,"template":"","class_list":["post-139744","publicacions","type-publicacions","status-publish","has-post-thumbnail","hentry"],"acf":[],"yoast_head":"<!-- This site is optimized with the Yoast SEO plugin v28.3 - https:\/\/yoast.com\/product\/yoast-seo-wordpress\/ -->\n<title>La reconstrucci\u00f3n de la &quot;identidad latina&quot; y su relaci\u00f3n con la instituci\u00f3n escolar - Equitat.org<\/title>\n<meta name=\"robots\" content=\"noindex, follow, max-snippet:-1, max-image-preview:large, max-video-preview:-1\" \/>\n<meta property=\"og:locale\" content=\"es_ES\" \/>\n<meta property=\"og:type\" content=\"article\" \/>\n<meta property=\"og:title\" content=\"La reconstrucci\u00f3n de la &quot;identidad latina&quot; y su relaci\u00f3n con la instituci\u00f3n escolar - Equitat.org\" \/>\n<meta property=\"og:description\" content=\"Trabajo final de la investigaci\u00f3n etnogr\u00e1fica realizada con el apoyo de la Fundaci\u00f3 Jaume Bofill durante el periodo de enero a noviembre del 2006.\" \/>\n<meta property=\"og:url\" content=\"https:\/\/pre.equitat.org\/es\/publicacions-videos\/la-reconstruccion-de-la-identidad-latina-y-su-relacion-con-la-institucion-escolar\" \/>\n<meta property=\"og:site_name\" content=\"Equitat.org\" \/>\n<meta property=\"article:publisher\" content=\"https:\/\/www.facebook.com\/FundacioBofill?locale=es_ES\" \/>\n<meta property=\"og:image\" content=\"https:\/\/www.equitat.org\/app\/uploads\/2025\/03\/uwl-grafic-educacio-hibrida.png\" \/>\n\t<meta property=\"og:image:width\" content=\"504\" \/>\n\t<meta property=\"og:image:height\" content=\"586\" \/>\n\t<meta property=\"og:image:type\" content=\"image\/png\" \/>\n<meta name=\"twitter:card\" content=\"summary_large_image\" \/>\n<meta name=\"twitter:site\" content=\"@FundacioBofill\" \/>\n<script type=\"application\/ld+json\" class=\"yoast-schema-graph\">{\"@context\":\"https:\\\/\\\/schema.org\",\"@graph\":[{\"@type\":\"WebPage\",\"@id\":\"https:\\\/\\\/pre.equitat.org\\\/es\\\/publicacions-videos\\\/la-reconstruccion-de-la-identidad-latina-y-su-relacion-con-la-institucion-escolar\",\"url\":\"https:\\\/\\\/pre.equitat.org\\\/es\\\/publicacions-videos\\\/la-reconstruccion-de-la-identidad-latina-y-su-relacion-con-la-institucion-escolar\",\"name\":\"La reconstrucci\u00f3n de la \\\"identidad latina\\\" y su relaci\u00f3n con la instituci\u00f3n escolar - Equitat.org\",\"isPartOf\":{\"@id\":\"https:\\\/\\\/pre.equitat.org\\\/es#website\"},\"primaryImageOfPage\":{\"@id\":\"https:\\\/\\\/pre.equitat.org\\\/es\\\/publicacions-videos\\\/la-reconstruccion-de-la-identidad-latina-y-su-relacion-con-la-institucion-escolar#primaryimage\"},\"image\":{\"@id\":\"https:\\\/\\\/pre.equitat.org\\\/es\\\/publicacions-videos\\\/la-reconstruccion-de-la-identidad-latina-y-su-relacion-con-la-institucion-escolar#primaryimage\"},\"thumbnailUrl\":\"https:\\\/\\\/pre.equitat.org\\\/app\\\/uploads\\\/2025\\\/03\\\/uwl-grafic-educacio-hibrida.png\",\"datePublished\":\"2014-10-10T07:38:00+00:00\",\"inLanguage\":\"es\",\"potentialAction\":[{\"@type\":\"ReadAction\",\"target\":[\"https:\\\/\\\/pre.equitat.org\\\/es\\\/publicacions-videos\\\/la-reconstruccion-de-la-identidad-latina-y-su-relacion-con-la-institucion-escolar\"]}]},{\"@type\":\"ImageObject\",\"inLanguage\":\"es\",\"@id\":\"https:\\\/\\\/pre.equitat.org\\\/es\\\/publicacions-videos\\\/la-reconstruccion-de-la-identidad-latina-y-su-relacion-con-la-institucion-escolar#primaryimage\",\"url\":\"https:\\\/\\\/pre.equitat.org\\\/app\\\/uploads\\\/2025\\\/03\\\/uwl-grafic-educacio-hibrida.png\",\"contentUrl\":\"https:\\\/\\\/pre.equitat.org\\\/app\\\/uploads\\\/2025\\\/03\\\/uwl-grafic-educacio-hibrida.png\",\"width\":504,\"height\":586},{\"@type\":\"WebSite\",\"@id\":\"https:\\\/\\\/pre.equitat.org\\\/es#website\",\"url\":\"https:\\\/\\\/pre.equitat.org\\\/es\",\"name\":\"Equitat.org\",\"description\":\"educaci\u00f3 per canviar-ho tot\",\"publisher\":{\"@id\":\"https:\\\/\\\/pre.equitat.org\\\/es#organization\"},\"potentialAction\":[{\"@type\":\"SearchAction\",\"target\":{\"@type\":\"EntryPoint\",\"urlTemplate\":\"https:\\\/\\\/pre.equitat.org\\\/es?s={search_term_string}\"},\"query-input\":{\"@type\":\"PropertyValueSpecification\",\"valueRequired\":true,\"valueName\":\"search_term_string\"}}],\"inLanguage\":\"es\"},{\"@type\":\"Organization\",\"@id\":\"https:\\\/\\\/pre.equitat.org\\\/es#organization\",\"name\":\"Equitat\",\"url\":\"https:\\\/\\\/pre.equitat.org\\\/es\",\"logo\":{\"@type\":\"ImageObject\",\"inLanguage\":\"es\",\"@id\":\"https:\\\/\\\/pre.equitat.org\\\/es#\\\/schema\\\/logo\\\/image\\\/\",\"url\":\"https:\\\/\\\/pre.equitat.org\\\/app\\\/uploads\\\/2026\\\/04\\\/fundacio_jaume_bofill_logo.jpg\",\"contentUrl\":\"https:\\\/\\\/pre.equitat.org\\\/app\\\/uploads\\\/2026\\\/04\\\/fundacio_jaume_bofill_logo.jpg\",\"width\":200,\"height\":200,\"caption\":\"Equitat\"},\"image\":{\"@id\":\"https:\\\/\\\/pre.equitat.org\\\/es#\\\/schema\\\/logo\\\/image\\\/\"},\"sameAs\":[\"https:\\\/\\\/www.facebook.com\\\/FundacioBofill?locale=es_ES\",\"https:\\\/\\\/x.com\\\/FundacioBofill\"]}]}<\/script>\n<!-- \/ Yoast SEO plugin. -->","yoast_head_json":{"title":"La reconstrucci\u00f3n de la \"identidad latina\" y su relaci\u00f3n con la instituci\u00f3n escolar - Equitat.org","robots":{"index":"noindex","follow":"follow","max-snippet":"max-snippet:-1","max-image-preview":"max-image-preview:large","max-video-preview":"max-video-preview:-1"},"og_locale":"es_ES","og_type":"article","og_title":"La reconstrucci\u00f3n de la \"identidad latina\" y su relaci\u00f3n con la instituci\u00f3n escolar - Equitat.org","og_description":"Trabajo final de la investigaci\u00f3n etnogr\u00e1fica realizada con el apoyo de la Fundaci\u00f3 Jaume Bofill durante el periodo de enero a noviembre del 2006.","og_url":"https:\/\/pre.equitat.org\/es\/publicacions-videos\/la-reconstruccion-de-la-identidad-latina-y-su-relacion-con-la-institucion-escolar","og_site_name":"Equitat.org","article_publisher":"https:\/\/www.facebook.com\/FundacioBofill?locale=es_ES","og_image":[{"width":504,"height":586,"url":"https:\/\/www.equitat.org\/app\/uploads\/2025\/03\/uwl-grafic-educacio-hibrida.png","type":"image\/png"}],"twitter_card":"summary_large_image","twitter_site":"@FundacioBofill","schema":{"@context":"https:\/\/schema.org","@graph":[{"@type":"WebPage","@id":"https:\/\/pre.equitat.org\/es\/publicacions-videos\/la-reconstruccion-de-la-identidad-latina-y-su-relacion-con-la-institucion-escolar","url":"https:\/\/pre.equitat.org\/es\/publicacions-videos\/la-reconstruccion-de-la-identidad-latina-y-su-relacion-con-la-institucion-escolar","name":"La reconstrucci\u00f3n de la \"identidad latina\" y su relaci\u00f3n con la instituci\u00f3n escolar - Equitat.org","isPartOf":{"@id":"https:\/\/pre.equitat.org\/es#website"},"primaryImageOfPage":{"@id":"https:\/\/pre.equitat.org\/es\/publicacions-videos\/la-reconstruccion-de-la-identidad-latina-y-su-relacion-con-la-institucion-escolar#primaryimage"},"image":{"@id":"https:\/\/pre.equitat.org\/es\/publicacions-videos\/la-reconstruccion-de-la-identidad-latina-y-su-relacion-con-la-institucion-escolar#primaryimage"},"thumbnailUrl":"https:\/\/pre.equitat.org\/app\/uploads\/2025\/03\/uwl-grafic-educacio-hibrida.png","datePublished":"2014-10-10T07:38:00+00:00","inLanguage":"es","potentialAction":[{"@type":"ReadAction","target":["https:\/\/pre.equitat.org\/es\/publicacions-videos\/la-reconstruccion-de-la-identidad-latina-y-su-relacion-con-la-institucion-escolar"]}]},{"@type":"ImageObject","inLanguage":"es","@id":"https:\/\/pre.equitat.org\/es\/publicacions-videos\/la-reconstruccion-de-la-identidad-latina-y-su-relacion-con-la-institucion-escolar#primaryimage","url":"https:\/\/pre.equitat.org\/app\/uploads\/2025\/03\/uwl-grafic-educacio-hibrida.png","contentUrl":"https:\/\/pre.equitat.org\/app\/uploads\/2025\/03\/uwl-grafic-educacio-hibrida.png","width":504,"height":586},{"@type":"WebSite","@id":"https:\/\/pre.equitat.org\/es#website","url":"https:\/\/pre.equitat.org\/es","name":"Equitat.org","description":"educaci\u00f3 per canviar-ho tot","publisher":{"@id":"https:\/\/pre.equitat.org\/es#organization"},"potentialAction":[{"@type":"SearchAction","target":{"@type":"EntryPoint","urlTemplate":"https:\/\/pre.equitat.org\/es?s={search_term_string}"},"query-input":{"@type":"PropertyValueSpecification","valueRequired":true,"valueName":"search_term_string"}}],"inLanguage":"es"},{"@type":"Organization","@id":"https:\/\/pre.equitat.org\/es#organization","name":"Equitat","url":"https:\/\/pre.equitat.org\/es","logo":{"@type":"ImageObject","inLanguage":"es","@id":"https:\/\/pre.equitat.org\/es#\/schema\/logo\/image\/","url":"https:\/\/pre.equitat.org\/app\/uploads\/2026\/04\/fundacio_jaume_bofill_logo.jpg","contentUrl":"https:\/\/pre.equitat.org\/app\/uploads\/2026\/04\/fundacio_jaume_bofill_logo.jpg","width":200,"height":200,"caption":"Equitat"},"image":{"@id":"https:\/\/pre.equitat.org\/es#\/schema\/logo\/image\/"},"sameAs":["https:\/\/www.facebook.com\/FundacioBofill?locale=es_ES","https:\/\/x.com\/FundacioBofill"]}]}},"_links":{"self":[{"href":"https:\/\/pre.equitat.org\/es\/wp-json\/wp\/v2\/publicacions\/139744","targetHints":{"allow":["GET"]}}],"collection":[{"href":"https:\/\/pre.equitat.org\/es\/wp-json\/wp\/v2\/publicacions"}],"about":[{"href":"https:\/\/pre.equitat.org\/es\/wp-json\/wp\/v2\/types\/publicacions"}],"wp:featuredmedia":[{"embeddable":true,"href":"https:\/\/pre.equitat.org\/es\/wp-json\/wp\/v2\/media\/114162"}],"wp:attachment":[{"href":"https:\/\/pre.equitat.org\/es\/wp-json\/wp\/v2\/media?parent=139744"}],"curies":[{"name":"wp","href":"https:\/\/api.w.org\/{rel}","templated":true}]}}

La reconstrucción de la «identidad latina» y su relación con la institución escolar

<p>Trabajo final de la investigación etnográfica realizada con el apoyo de la Fundació Jaume Bofill durante el periodo de enero a noviembre del 2006.</p>

<!-- This site is optimized with the Yoast SEO plugin v28.3 - https://yoast.com/product/yoast-seo-wordpress/ -->
<title>La reconstrucción de la &quot;identidad latina&quot; y su relación con la institución escolar - Equitat.org</title>
<meta name="robots" content="noindex, follow, max-snippet:-1, max-image-preview:large, max-video-preview:-1" />
<meta property="og:locale" content="es_ES" />
<meta property="og:type" content="article" />
<meta property="og:title" content="La reconstrucción de la &quot;identidad latina&quot; y su relación con la institución escolar - Equitat.org" />
<meta property="og:description" content="Trabajo final de la investigación etnográfica realizada con el apoyo de la Fundació Jaume Bofill durante el periodo de enero a noviembre del 2006." />
<meta property="og:url" content="https://pre.equitat.org/es/publicacions-videos/la-reconstruccion-de-la-identidad-latina-y-su-relacion-con-la-institucion-escolar" />
<meta property="og:site_name" content="Equitat.org" />
<meta property="article:publisher" content="https://www.facebook.com/FundacioBofill?locale=es_ES" />
<meta property="og:image" content="https://www.equitat.org/app/uploads/2025/03/uwl-grafic-educacio-hibrida.png" />
	<meta property="og:image:width" content="504" />
	<meta property="og:image:height" content="586" />
	<meta property="og:image:type" content="image/png" />
<meta name="twitter:card" content="summary_large_image" />
<meta name="twitter:site" content="@FundacioBofill" />
<script type="application/ld+json" class="yoast-schema-graph">{"@context":"https:\/\/schema.org","@graph":[{"@type":"WebPage","@id":"https:\/\/pre.equitat.org\/es\/publicacions-videos\/la-reconstruccion-de-la-identidad-latina-y-su-relacion-con-la-institucion-escolar","url":"https:\/\/pre.equitat.org\/es\/publicacions-videos\/la-reconstruccion-de-la-identidad-latina-y-su-relacion-con-la-institucion-escolar","name":"La reconstrucción de la \"identidad latina\" y su relación con la institución escolar - Equitat.org","isPartOf":{"@id":"https:\/\/pre.equitat.org\/es#website"},"primaryImageOfPage":{"@id":"https:\/\/pre.equitat.org\/es\/publicacions-videos\/la-reconstruccion-de-la-identidad-latina-y-su-relacion-con-la-institucion-escolar#primaryimage"},"image":{"@id":"https:\/\/pre.equitat.org\/es\/publicacions-videos\/la-reconstruccion-de-la-identidad-latina-y-su-relacion-con-la-institucion-escolar#primaryimage"},"thumbnailUrl":"https:\/\/pre.equitat.org\/app\/uploads\/2025\/03\/uwl-grafic-educacio-hibrida.png","datePublished":"2014-10-10T07:38:00+00:00","inLanguage":"es","potentialAction":[{"@type":"ReadAction","target":["https:\/\/pre.equitat.org\/es\/publicacions-videos\/la-reconstruccion-de-la-identidad-latina-y-su-relacion-con-la-institucion-escolar"]}]},{"@type":"ImageObject","inLanguage":"es","@id":"https:\/\/pre.equitat.org\/es\/publicacions-videos\/la-reconstruccion-de-la-identidad-latina-y-su-relacion-con-la-institucion-escolar#primaryimage","url":"https:\/\/pre.equitat.org\/app\/uploads\/2025\/03\/uwl-grafic-educacio-hibrida.png","contentUrl":"https:\/\/pre.equitat.org\/app\/uploads\/2025\/03\/uwl-grafic-educacio-hibrida.png","width":504,"height":586},{"@type":"WebSite","@id":"https:\/\/pre.equitat.org\/es#website","url":"https:\/\/pre.equitat.org\/es","name":"Equitat.org","description":"educació per canviar-ho tot","publisher":{"@id":"https:\/\/pre.equitat.org\/es#organization"},"potentialAction":[{"@type":"SearchAction","target":{"@type":"EntryPoint","urlTemplate":"https:\/\/pre.equitat.org\/es?s={search_term_string}"},"query-input":{"@type":"PropertyValueSpecification","valueRequired":true,"valueName":"search_term_string"}}],"inLanguage":"es"},{"@type":"Organization","@id":"https:\/\/pre.equitat.org\/es#organization","name":"Equitat","url":"https:\/\/pre.equitat.org\/es","logo":{"@type":"ImageObject","inLanguage":"es","@id":"https:\/\/pre.equitat.org\/es#\/schema\/logo\/image\/","url":"https:\/\/pre.equitat.org\/app\/uploads\/2026\/04\/fundacio_jaume_bofill_logo.jpg","contentUrl":"https:\/\/pre.equitat.org\/app\/uploads\/2026\/04\/fundacio_jaume_bofill_logo.jpg","width":200,"height":200,"caption":"Equitat"},"image":{"@id":"https:\/\/pre.equitat.org\/es#\/schema\/logo\/image\/"},"sameAs":["https:\/\/www.facebook.com\/FundacioBofill?locale=es_ES","https:\/\/x.com\/FundacioBofill"]}]}</script>
<!-- / Yoast SEO plugin. -->

La reconstrucción de la "identidad latina" y su relación con la institución escolar - Equitat.org

Trabajo final de la investigación etnográfica realizada con el apoyo de la Fundació Jaume Bofill durante el periodo de enero a noviembre del 2006.

educació per canviar-ho tot
