{"id":139784,"date":"2014-10-10T07:38:00","date_gmt":"2014-10-10T07:38:00","guid":{"rendered":"http:\/\/fundaciobofill.mortensen.cat\/publicacions-videos\/trabajo-submergido-precariedad-e-inmigracion-en-catalunya-una-primera-aproximacion\/"},"modified":"2014-10-10T07:38:00","modified_gmt":"2014-10-10T07:38:00","slug":"trabajo-submergido-precariedad-e-inmigracion-en-catalunya-una-primera-aproximacion","status":"publish","type":"publicacions","link":"https:\/\/pre.equitat.org\/es\/publicacions-videos\/trabajo-submergido-precariedad-e-inmigracion-en-catalunya-una-primera-aproximacion","title":{"rendered":"Trabajo sumergido, precariedad e inmigraci\u00f3n en Catalunya"},"content":{"rendered":"<p>El presente informe tiene su origen en las conclusiones de otro impulsado por la Fundaci\u00f3 Jaume Bofill y el <a   href=\"http:\/\/www.ces.es\/\"  >Comit\u00e9 Econ\u00f3mico y Social<\/a> de Barcelona (Recio, Parella, Pajares y Sabad\u00ed 2007). En \u00e9l se analiza la situaci\u00f3n de la inmigraci\u00f3n extranjera en el mercado laboral de la provincia de Barcelona a partir de diversas fuentes oficiales. Entre sus conclusiones se apuntaba la necesidad de profundizar en el estudio del empleo sumergido, que resulta opaco casi siempre a los registros estad\u00edsticos habituales. El <a   href=\"https:\/\/www.colectivoioe.org\/\"  >Colectivo Io\u00e9<\/a> recibi\u00f3 el encargo de elaborar un dise\u00f1o de investigaci\u00f3n referido a la incidencia de la econom\u00eda sumergida en las trayectorias laborales de los inmigrantes extranjeros. El texto se divide en dos partes principales. La primera recoge las cuestiones conceptuales que parecen m\u00e1s adecuadas para abordar el an\u00e1lisis de los fen\u00f3menos propuestos. La segunda parte del texto sistematiza el material existente respecto a las situaciones de empleo enunciadas.<\/p>\n","protected":false},"excerpt":{"rendered":"<p>El presente informe tiene su origen en las conclusiones de otro impulsado por la Fundaci\u00f3 Jaume Bofill y el Comit\u00e9 Econ\u00f3mico y Social de Barcelona (Recio, Parella, Pajares y Sabad\u00ed 2007). En \u00e9l se analiza la situaci\u00f3n de la inmigraci\u00f3n extranjera en el mercado laboral de la provincia de Barcelona a partir de diversas fuentes [&hellip;]<\/p>\n","protected":false},"featured_media":114162,"parent":0,"menu_order":0,"template":"","class_list":["post-139784","publicacions","type-publicacions","status-publish","has-post-thumbnail","hentry"],"acf":[],"yoast_head":"<!-- This site is optimized with the Yoast SEO plugin v28.3 - https:\/\/yoast.com\/product\/yoast-seo-wordpress\/ -->\n<title>Trabajo sumergido, precariedad e inmigraci\u00f3n en Catalunya - Equitat.org<\/title>\n<meta name=\"robots\" content=\"noindex, follow, max-snippet:-1, max-image-preview:large, max-video-preview:-1\" \/>\n<meta property=\"og:locale\" content=\"es_ES\" \/>\n<meta property=\"og:type\" content=\"article\" \/>\n<meta property=\"og:title\" content=\"Trabajo sumergido, precariedad e inmigraci\u00f3n en Catalunya - Equitat.org\" \/>\n<meta property=\"og:description\" content=\"El presente informe tiene su origen en las conclusiones de otro impulsado por la Fundaci\u00f3 Jaume Bofill y el Comit\u00e9 Econ\u00f3mico y Social de Barcelona (Recio, Parella, Pajares y Sabad\u00ed 2007). En \u00e9l se analiza la situaci\u00f3n de la inmigraci\u00f3n extranjera en el mercado laboral de la provincia de Barcelona a partir de diversas fuentes [&hellip;]\" \/>\n<meta property=\"og:url\" content=\"https:\/\/pre.equitat.org\/es\/publicacions-videos\/trabajo-submergido-precariedad-e-inmigracion-en-catalunya-una-primera-aproximacion\" \/>\n<meta property=\"og:site_name\" content=\"Equitat.org\" \/>\n<meta property=\"article:publisher\" content=\"https:\/\/www.facebook.com\/FundacioBofill?locale=es_ES\" \/>\n<meta property=\"og:image\" content=\"https:\/\/www.equitat.org\/app\/uploads\/2025\/03\/uwl-grafic-educacio-hibrida.png\" \/>\n\t<meta property=\"og:image:width\" content=\"504\" \/>\n\t<meta property=\"og:image:height\" content=\"586\" \/>\n\t<meta property=\"og:image:type\" content=\"image\/png\" \/>\n<meta name=\"twitter:card\" content=\"summary_large_image\" \/>\n<meta name=\"twitter:site\" content=\"@FundacioBofill\" \/>\n<meta name=\"twitter:label1\" content=\"Tiempo de lectura\" \/>\n\t<meta name=\"twitter:data1\" content=\"1 minuto\" \/>\n<script type=\"application\/ld+json\" class=\"yoast-schema-graph\">{\"@context\":\"https:\\\/\\\/schema.org\",\"@graph\":[{\"@type\":\"WebPage\",\"@id\":\"https:\\\/\\\/pre.equitat.org\\\/es\\\/publicacions-videos\\\/trabajo-submergido-precariedad-e-inmigracion-en-catalunya-una-primera-aproximacion\",\"url\":\"https:\\\/\\\/pre.equitat.org\\\/es\\\/publicacions-videos\\\/trabajo-submergido-precariedad-e-inmigracion-en-catalunya-una-primera-aproximacion\",\"name\":\"Trabajo sumergido, precariedad e inmigraci\u00f3n en Catalunya - Equitat.org\",\"isPartOf\":{\"@id\":\"https:\\\/\\\/pre.equitat.org\\\/es#website\"},\"primaryImageOfPage\":{\"@id\":\"https:\\\/\\\/pre.equitat.org\\\/es\\\/publicacions-videos\\\/trabajo-submergido-precariedad-e-inmigracion-en-catalunya-una-primera-aproximacion#primaryimage\"},\"image\":{\"@id\":\"https:\\\/\\\/pre.equitat.org\\\/es\\\/publicacions-videos\\\/trabajo-submergido-precariedad-e-inmigracion-en-catalunya-una-primera-aproximacion#primaryimage\"},\"thumbnailUrl\":\"https:\\\/\\\/pre.equitat.org\\\/app\\\/uploads\\\/2025\\\/03\\\/uwl-grafic-educacio-hibrida.png\",\"datePublished\":\"2014-10-10T07:38:00+00:00\",\"inLanguage\":\"es\",\"potentialAction\":[{\"@type\":\"ReadAction\",\"target\":[\"https:\\\/\\\/pre.equitat.org\\\/es\\\/publicacions-videos\\\/trabajo-submergido-precariedad-e-inmigracion-en-catalunya-una-primera-aproximacion\"]}]},{\"@type\":\"ImageObject\",\"inLanguage\":\"es\",\"@id\":\"https:\\\/\\\/pre.equitat.org\\\/es\\\/publicacions-videos\\\/trabajo-submergido-precariedad-e-inmigracion-en-catalunya-una-primera-aproximacion#primaryimage\",\"url\":\"https:\\\/\\\/pre.equitat.org\\\/app\\\/uploads\\\/2025\\\/03\\\/uwl-grafic-educacio-hibrida.png\",\"contentUrl\":\"https:\\\/\\\/pre.equitat.org\\\/app\\\/uploads\\\/2025\\\/03\\\/uwl-grafic-educacio-hibrida.png\",\"width\":504,\"height\":586},{\"@type\":\"WebSite\",\"@id\":\"https:\\\/\\\/pre.equitat.org\\\/es#website\",\"url\":\"https:\\\/\\\/pre.equitat.org\\\/es\",\"name\":\"Equitat.org\",\"description\":\"educaci\u00f3 per canviar-ho tot\",\"publisher\":{\"@id\":\"https:\\\/\\\/pre.equitat.org\\\/es#organization\"},\"potentialAction\":[{\"@type\":\"SearchAction\",\"target\":{\"@type\":\"EntryPoint\",\"urlTemplate\":\"https:\\\/\\\/pre.equitat.org\\\/es?s={search_term_string}\"},\"query-input\":{\"@type\":\"PropertyValueSpecification\",\"valueRequired\":true,\"valueName\":\"search_term_string\"}}],\"inLanguage\":\"es\"},{\"@type\":\"Organization\",\"@id\":\"https:\\\/\\\/pre.equitat.org\\\/es#organization\",\"name\":\"Equitat\",\"url\":\"https:\\\/\\\/pre.equitat.org\\\/es\",\"logo\":{\"@type\":\"ImageObject\",\"inLanguage\":\"es\",\"@id\":\"https:\\\/\\\/pre.equitat.org\\\/es#\\\/schema\\\/logo\\\/image\\\/\",\"url\":\"https:\\\/\\\/pre.equitat.org\\\/app\\\/uploads\\\/2026\\\/04\\\/fundacio_jaume_bofill_logo.jpg\",\"contentUrl\":\"https:\\\/\\\/pre.equitat.org\\\/app\\\/uploads\\\/2026\\\/04\\\/fundacio_jaume_bofill_logo.jpg\",\"width\":200,\"height\":200,\"caption\":\"Equitat\"},\"image\":{\"@id\":\"https:\\\/\\\/pre.equitat.org\\\/es#\\\/schema\\\/logo\\\/image\\\/\"},\"sameAs\":[\"https:\\\/\\\/www.facebook.com\\\/FundacioBofill?locale=es_ES\",\"https:\\\/\\\/x.com\\\/FundacioBofill\"]}]}<\/script>\n<!-- \/ Yoast SEO plugin. -->","yoast_head_json":{"title":"Trabajo sumergido, precariedad e inmigraci\u00f3n en Catalunya - Equitat.org","robots":{"index":"noindex","follow":"follow","max-snippet":"max-snippet:-1","max-image-preview":"max-image-preview:large","max-video-preview":"max-video-preview:-1"},"og_locale":"es_ES","og_type":"article","og_title":"Trabajo sumergido, precariedad e inmigraci\u00f3n en Catalunya - Equitat.org","og_description":"El presente informe tiene su origen en las conclusiones de otro impulsado por la Fundaci\u00f3 Jaume Bofill y el Comit\u00e9 Econ\u00f3mico y Social de Barcelona (Recio, Parella, Pajares y Sabad\u00ed 2007). En \u00e9l se analiza la situaci\u00f3n de la inmigraci\u00f3n extranjera en el mercado laboral de la provincia de Barcelona a partir de diversas fuentes [&hellip;]","og_url":"https:\/\/pre.equitat.org\/es\/publicacions-videos\/trabajo-submergido-precariedad-e-inmigracion-en-catalunya-una-primera-aproximacion","og_site_name":"Equitat.org","article_publisher":"https:\/\/www.facebook.com\/FundacioBofill?locale=es_ES","og_image":[{"width":504,"height":586,"url":"https:\/\/www.equitat.org\/app\/uploads\/2025\/03\/uwl-grafic-educacio-hibrida.png","type":"image\/png"}],"twitter_card":"summary_large_image","twitter_site":"@FundacioBofill","twitter_misc":{"Tiempo de lectura":"1 minuto"},"schema":{"@context":"https:\/\/schema.org","@graph":[{"@type":"WebPage","@id":"https:\/\/pre.equitat.org\/es\/publicacions-videos\/trabajo-submergido-precariedad-e-inmigracion-en-catalunya-una-primera-aproximacion","url":"https:\/\/pre.equitat.org\/es\/publicacions-videos\/trabajo-submergido-precariedad-e-inmigracion-en-catalunya-una-primera-aproximacion","name":"Trabajo sumergido, precariedad e inmigraci\u00f3n en Catalunya - Equitat.org","isPartOf":{"@id":"https:\/\/pre.equitat.org\/es#website"},"primaryImageOfPage":{"@id":"https:\/\/pre.equitat.org\/es\/publicacions-videos\/trabajo-submergido-precariedad-e-inmigracion-en-catalunya-una-primera-aproximacion#primaryimage"},"image":{"@id":"https:\/\/pre.equitat.org\/es\/publicacions-videos\/trabajo-submergido-precariedad-e-inmigracion-en-catalunya-una-primera-aproximacion#primaryimage"},"thumbnailUrl":"https:\/\/pre.equitat.org\/app\/uploads\/2025\/03\/uwl-grafic-educacio-hibrida.png","datePublished":"2014-10-10T07:38:00+00:00","inLanguage":"es","potentialAction":[{"@type":"ReadAction","target":["https:\/\/pre.equitat.org\/es\/publicacions-videos\/trabajo-submergido-precariedad-e-inmigracion-en-catalunya-una-primera-aproximacion"]}]},{"@type":"ImageObject","inLanguage":"es","@id":"https:\/\/pre.equitat.org\/es\/publicacions-videos\/trabajo-submergido-precariedad-e-inmigracion-en-catalunya-una-primera-aproximacion#primaryimage","url":"https:\/\/pre.equitat.org\/app\/uploads\/2025\/03\/uwl-grafic-educacio-hibrida.png","contentUrl":"https:\/\/pre.equitat.org\/app\/uploads\/2025\/03\/uwl-grafic-educacio-hibrida.png","width":504,"height":586},{"@type":"WebSite","@id":"https:\/\/pre.equitat.org\/es#website","url":"https:\/\/pre.equitat.org\/es","name":"Equitat.org","description":"educaci\u00f3 per canviar-ho tot","publisher":{"@id":"https:\/\/pre.equitat.org\/es#organization"},"potentialAction":[{"@type":"SearchAction","target":{"@type":"EntryPoint","urlTemplate":"https:\/\/pre.equitat.org\/es?s={search_term_string}"},"query-input":{"@type":"PropertyValueSpecification","valueRequired":true,"valueName":"search_term_string"}}],"inLanguage":"es"},{"@type":"Organization","@id":"https:\/\/pre.equitat.org\/es#organization","name":"Equitat","url":"https:\/\/pre.equitat.org\/es","logo":{"@type":"ImageObject","inLanguage":"es","@id":"https:\/\/pre.equitat.org\/es#\/schema\/logo\/image\/","url":"https:\/\/pre.equitat.org\/app\/uploads\/2026\/04\/fundacio_jaume_bofill_logo.jpg","contentUrl":"https:\/\/pre.equitat.org\/app\/uploads\/2026\/04\/fundacio_jaume_bofill_logo.jpg","width":200,"height":200,"caption":"Equitat"},"image":{"@id":"https:\/\/pre.equitat.org\/es#\/schema\/logo\/image\/"},"sameAs":["https:\/\/www.facebook.com\/FundacioBofill?locale=es_ES","https:\/\/x.com\/FundacioBofill"]}]}},"_links":{"self":[{"href":"https:\/\/pre.equitat.org\/es\/wp-json\/wp\/v2\/publicacions\/139784","targetHints":{"allow":["GET"]}}],"collection":[{"href":"https:\/\/pre.equitat.org\/es\/wp-json\/wp\/v2\/publicacions"}],"about":[{"href":"https:\/\/pre.equitat.org\/es\/wp-json\/wp\/v2\/types\/publicacions"}],"wp:featuredmedia":[{"embeddable":true,"href":"https:\/\/pre.equitat.org\/es\/wp-json\/wp\/v2\/media\/114162"}],"wp:attachment":[{"href":"https:\/\/pre.equitat.org\/es\/wp-json\/wp\/v2\/media?parent=139784"}],"curies":[{"name":"wp","href":"https:\/\/api.w.org\/{rel}","templated":true}]}}

Trabajo sumergido, precariedad e inmigración en Catalunya

<p>El presente informe tiene su origen en las conclusiones de otro impulsado por la Fundació Jaume Bofill y el <a   href="http://www.ces.es/"  >Comité Económico y Social</a> de Barcelona (Recio, Parella, Pajares y Sabadí 2007). En él se analiza la situación de la inmigración extranjera en el mercado laboral de la provincia de Barcelona a partir de diversas fuentes oficiales. Entre sus conclusiones se apuntaba la necesidad de profundizar en el estudio del empleo sumergido, que resulta opaco casi siempre a los registros estadísticos habituales. El <a   href="https://www.colectivoioe.org/"  >Colectivo Ioé</a> recibió el encargo de elaborar un diseño de investigación referido a la incidencia de la economía sumergida en las trayectorias laborales de los inmigrantes extranjeros. El texto se divide en dos partes principales. La primera recoge las cuestiones conceptuales que parecen más adecuadas para abordar el análisis de los fenómenos propuestos. La segunda parte del texto sistematiza el material existente respecto a las situaciones de empleo enunciadas.</p>

<p>El presente informe tiene su origen en las conclusiones de otro impulsado por la Fundació Jaume Bofill y el Comité Económico y Social de Barcelona (Recio, Parella, Pajares y Sabadí 2007). En él se analiza la situación de la inmigración extranjera en el mercado laboral de la provincia de Barcelona a partir de diversas fuentes [&hellip;]</p>

<!-- This site is optimized with the Yoast SEO plugin v28.3 - https://yoast.com/product/yoast-seo-wordpress/ -->
<title>Trabajo sumergido, precariedad e inmigración en Catalunya - Equitat.org</title>
<meta name="robots" content="noindex, follow, max-snippet:-1, max-image-preview:large, max-video-preview:-1" />
<meta property="og:locale" content="es_ES" />
<meta property="og:type" content="article" />
<meta property="og:title" content="Trabajo sumergido, precariedad e inmigración en Catalunya - Equitat.org" />
<meta property="og:description" content="El presente informe tiene su origen en las conclusiones de otro impulsado por la Fundació Jaume Bofill y el Comité Económico y Social de Barcelona (Recio, Parella, Pajares y Sabadí 2007). En él se analiza la situación de la inmigración extranjera en el mercado laboral de la provincia de Barcelona a partir de diversas fuentes [&hellip;]" />
<meta property="og:url" content="https://pre.equitat.org/es/publicacions-videos/trabajo-submergido-precariedad-e-inmigracion-en-catalunya-una-primera-aproximacion" />
<meta property="og:site_name" content="Equitat.org" />
<meta property="article:publisher" content="https://www.facebook.com/FundacioBofill?locale=es_ES" />
<meta property="og:image" content="https://www.equitat.org/app/uploads/2025/03/uwl-grafic-educacio-hibrida.png" />
	<meta property="og:image:width" content="504" />
	<meta property="og:image:height" content="586" />
	<meta property="og:image:type" content="image/png" />
<meta name="twitter:card" content="summary_large_image" />
<meta name="twitter:site" content="@FundacioBofill" />
<meta name="twitter:label1" content="Tiempo de lectura" />
	<meta name="twitter:data1" content="1 minuto" />
<script type="application/ld+json" class="yoast-schema-graph">{"@context":"https:\/\/schema.org","@graph":[{"@type":"WebPage","@id":"https:\/\/pre.equitat.org\/es\/publicacions-videos\/trabajo-submergido-precariedad-e-inmigracion-en-catalunya-una-primera-aproximacion","url":"https:\/\/pre.equitat.org\/es\/publicacions-videos\/trabajo-submergido-precariedad-e-inmigracion-en-catalunya-una-primera-aproximacion","name":"Trabajo sumergido, precariedad e inmigración en Catalunya - Equitat.org","isPartOf":{"@id":"https:\/\/pre.equitat.org\/es#website"},"primaryImageOfPage":{"@id":"https:\/\/pre.equitat.org\/es\/publicacions-videos\/trabajo-submergido-precariedad-e-inmigracion-en-catalunya-una-primera-aproximacion#primaryimage"},"image":{"@id":"https:\/\/pre.equitat.org\/es\/publicacions-videos\/trabajo-submergido-precariedad-e-inmigracion-en-catalunya-una-primera-aproximacion#primaryimage"},"thumbnailUrl":"https:\/\/pre.equitat.org\/app\/uploads\/2025\/03\/uwl-grafic-educacio-hibrida.png","datePublished":"2014-10-10T07:38:00+00:00","inLanguage":"es","potentialAction":[{"@type":"ReadAction","target":["https:\/\/pre.equitat.org\/es\/publicacions-videos\/trabajo-submergido-precariedad-e-inmigracion-en-catalunya-una-primera-aproximacion"]}]},{"@type":"ImageObject","inLanguage":"es","@id":"https:\/\/pre.equitat.org\/es\/publicacions-videos\/trabajo-submergido-precariedad-e-inmigracion-en-catalunya-una-primera-aproximacion#primaryimage","url":"https:\/\/pre.equitat.org\/app\/uploads\/2025\/03\/uwl-grafic-educacio-hibrida.png","contentUrl":"https:\/\/pre.equitat.org\/app\/uploads\/2025\/03\/uwl-grafic-educacio-hibrida.png","width":504,"height":586},{"@type":"WebSite","@id":"https:\/\/pre.equitat.org\/es#website","url":"https:\/\/pre.equitat.org\/es","name":"Equitat.org","description":"educació per canviar-ho tot","publisher":{"@id":"https:\/\/pre.equitat.org\/es#organization"},"potentialAction":[{"@type":"SearchAction","target":{"@type":"EntryPoint","urlTemplate":"https:\/\/pre.equitat.org\/es?s={search_term_string}"},"query-input":{"@type":"PropertyValueSpecification","valueRequired":true,"valueName":"search_term_string"}}],"inLanguage":"es"},{"@type":"Organization","@id":"https:\/\/pre.equitat.org\/es#organization","name":"Equitat","url":"https:\/\/pre.equitat.org\/es","logo":{"@type":"ImageObject","inLanguage":"es","@id":"https:\/\/pre.equitat.org\/es#\/schema\/logo\/image\/","url":"https:\/\/pre.equitat.org\/app\/uploads\/2026\/04\/fundacio_jaume_bofill_logo.jpg","contentUrl":"https:\/\/pre.equitat.org\/app\/uploads\/2026\/04\/fundacio_jaume_bofill_logo.jpg","width":200,"height":200,"caption":"Equitat"},"image":{"@id":"https:\/\/pre.equitat.org\/es#\/schema\/logo\/image\/"},"sameAs":["https:\/\/www.facebook.com\/FundacioBofill?locale=es_ES","https:\/\/x.com\/FundacioBofill"]}]}</script>
<!-- / Yoast SEO plugin. -->

Trabajo sumergido, precariedad e inmigración en Catalunya - Equitat.org

El presente informe tiene su origen en las conclusiones de otro impulsado por la Fundació Jaume Bofill y el Comité Económico y Social de Barcelona (Recio, Parella, Pajares y Sabadí 2007). En él se analiza la situación de la inmigración extranjera en el mercado laboral de la provincia de Barcelona a partir de diversas fuentes [&hellip;]

educació per canviar-ho tot
