{"id":154921,"date":"2026-06-29T10:47:00","date_gmt":"2026-06-29T08:47:00","guid":{"rendered":"https:\/\/pre.equitat.org\/publicacions-videos\/anuari-educacio-catalunya-2026"},"modified":"2026-07-13T12:23:03","modified_gmt":"2026-07-13T10:23:03","slug":"anuari-educacio-catalunya-2026","status":"publish","type":"publicacions","link":"https:\/\/pre.equitat.org\/es\/publicaciones\/anuari-educacio-catalunya-2026","title":{"rendered":"Anuario de la Educaci\u00f3n en Catalu\u00f1a 2026"},"content":{"rendered":"\n<p class=\"wp-block-paragraph\">El Anuario de la Educaci\u00f3n en Catalu\u00f1a lleva veinte a\u00f1os analizando la evoluci\u00f3n de los principales indicadores del sistema educativo. Esta radiograf\u00eda permite identificar los principales retos del sistema y realizar propuestas para avanzar hacia el derecho a la educaci\u00f3n de todo el alumnado.<\/p>\n\n\n\n<p class=\"wp-block-paragraph\">El Anuario 2026 est\u00e1 dirigido por <strong><a href=\"https:\/\/pre.equitat.org\/es\/persona\/alegre-miquel-angel\">Miquel \u00c0ngel Alegre<\/a><\/strong>, jefe de proyectos de Equitat.org y experto en pol\u00edticas educativas y <a href=\"https:\/\/pre.equitat.org\/es\/persona\/pedro-garcia-francesc\"><strong>Francesc Pedr\u00f3<\/strong><\/a>, catedr\u00e1tico de pol\u00edticas educativas en la Universidad Pompeu Fabra y ex-responsable de programas educativos de la OCDE y la UNESCO. Ha contado con la implicaci\u00f3n de 50 expertos y referentes que han liderado cap\u00edtulos y contrastado an\u00e1lisis en seminarios de trabajo.<\/p>\n\n\n\n<p class=\"wp-block-paragraph\">El Anuario de la educaci\u00f3n en Catalu\u00f1a 2026 constata que en <strong>Catalu\u00f1a la educaci\u00f3n est\u00e1 en un punto cr\u00edtico<\/strong>. Las desigualdades educativas se han cronificado, tanto en las trayectorias como en resultados, lo que impide que mejoren los resultados. Esta situaci\u00f3n obliga a realizar una apuesta pol\u00edtica por pol\u00edticas de equidad que permitan acabar con los <strong>graves problemas de financiaci\u00f3n y de ineficiencia del sistema<\/strong>. Una apuesta que puede empezar de forma inmediata y que el Anuario propone que priorice <strong>la primaria, los centros con m\u00e1s complejidad y las alternativas para que todo el mundo pueda seguir estudiando <\/strong>despu\u00e9s de la ESO.<\/p>\n","protected":false},"excerpt":{"rendered":"<p>El Anuario de la Educaci\u00f3n en Catalu\u00f1a lleva veinte a\u00f1os analizando la evoluci\u00f3n de los principales indicadores del sistema educativo. Esta radiograf\u00eda permite identificar los principales retos del sistema y realizar propuestas para avanzar hacia el derecho a la educaci\u00f3n de todo el alumnado.<\/p>\n","protected":false},"featured_media":154178,"parent":0,"menu_order":0,"template":"","class_list":["post-154921","publicacions","type-publicacions","status-publish","has-post-thumbnail","hentry","tipologia-publicaciones"],"acf":[],"yoast_head":"<!-- This site is optimized with the Yoast SEO plugin v28.3 - https:\/\/yoast.com\/product\/yoast-seo-wordpress\/ -->\n<title>Anuario de la Educaci\u00f3n en Catalu\u00f1a 2026 - Equitat.org<\/title>\n<meta name=\"description\" content=\"L\u2019Anuari 2026 constata que el sistema educatiu catal\u00e0 est\u00e0 en un punt cr\u00edtic i que sense una aposta per l&#039;equitat no podr\u00e0 millorar.\" \/>\n<meta name=\"robots\" content=\"noindex, follow, max-snippet:-1, max-image-preview:large, max-video-preview:-1\" \/>\n<meta property=\"og:locale\" content=\"es_ES\" \/>\n<meta property=\"og:type\" content=\"article\" \/>\n<meta property=\"og:title\" content=\"Anuario de la Educaci\u00f3n en Catalu\u00f1a 2026 - Equitat.org\" \/>\n<meta property=\"og:description\" content=\"L\u2019Anuari 2026 constata que el sistema educatiu catal\u00e0 est\u00e0 en un punt cr\u00edtic i que sense una aposta per l&#039;equitat no podr\u00e0 millorar.\" \/>\n<meta property=\"og:url\" content=\"https:\/\/pre.equitat.org\/es\/publicaciones\/anuari-educacio-catalunya-2026\" \/>\n<meta property=\"og:site_name\" content=\"Equitat.org\" \/>\n<meta property=\"article:publisher\" content=\"https:\/\/www.facebook.com\/FundacioBofill?locale=es_ES\" \/>\n<meta property=\"article:modified_time\" content=\"2026-07-13T10:23:03+00:00\" \/>\n<meta property=\"og:image\" content=\"https:\/\/www.equitat.org\/app\/uploads\/2026\/03\/Anuari-2026_educacio-Catalunya.jpg\" \/>\n\t<meta property=\"og:image:width\" content=\"2083\" \/>\n\t<meta property=\"og:image:height\" content=\"2083\" \/>\n\t<meta property=\"og:image:type\" content=\"image\/jpeg\" \/>\n<meta name=\"twitter:card\" content=\"summary_large_image\" \/>\n<meta name=\"twitter:site\" content=\"@FundacioBofill\" \/>\n<meta name=\"twitter:label1\" content=\"Tiempo de lectura\" \/>\n\t<meta name=\"twitter:data1\" content=\"2 minutos\" \/>\n<script type=\"application\/ld+json\" class=\"yoast-schema-graph\">{\"@context\":\"https:\\\/\\\/schema.org\",\"@graph\":[{\"@type\":\"WebPage\",\"@id\":\"https:\\\/\\\/pre.equitat.org\\\/es\\\/publicaciones\\\/anuari-educacio-catalunya-2026\",\"url\":\"https:\\\/\\\/pre.equitat.org\\\/es\\\/publicaciones\\\/anuari-educacio-catalunya-2026\",\"name\":\"Anuario de la Educaci\u00f3n en Catalu\u00f1a 2026 - Equitat.org\",\"isPartOf\":{\"@id\":\"https:\\\/\\\/pre.equitat.org\\\/es#website\"},\"primaryImageOfPage\":{\"@id\":\"https:\\\/\\\/pre.equitat.org\\\/es\\\/publicaciones\\\/anuari-educacio-catalunya-2026#primaryimage\"},\"image\":{\"@id\":\"https:\\\/\\\/pre.equitat.org\\\/es\\\/publicaciones\\\/anuari-educacio-catalunya-2026#primaryimage\"},\"thumbnailUrl\":\"https:\\\/\\\/pre.equitat.org\\\/app\\\/uploads\\\/2026\\\/03\\\/Anuari-2026_educacio-Catalunya.jpg\",\"datePublished\":\"2026-06-29T08:47:00+00:00\",\"dateModified\":\"2026-07-13T10:23:03+00:00\",\"description\":\"L\u2019Anuari 2026 constata que el sistema educatiu catal\u00e0 est\u00e0 en un punt cr\u00edtic i que sense una aposta per l'equitat no podr\u00e0 millorar.\",\"inLanguage\":\"es\",\"potentialAction\":[{\"@type\":\"ReadAction\",\"target\":[\"https:\\\/\\\/pre.equitat.org\\\/es\\\/publicaciones\\\/anuari-educacio-catalunya-2026\"]}]},{\"@type\":\"ImageObject\",\"inLanguage\":\"es\",\"@id\":\"https:\\\/\\\/pre.equitat.org\\\/es\\\/publicaciones\\\/anuari-educacio-catalunya-2026#primaryimage\",\"url\":\"https:\\\/\\\/pre.equitat.org\\\/app\\\/uploads\\\/2026\\\/03\\\/Anuari-2026_educacio-Catalunya.jpg\",\"contentUrl\":\"https:\\\/\\\/pre.equitat.org\\\/app\\\/uploads\\\/2026\\\/03\\\/Anuari-2026_educacio-Catalunya.jpg\",\"width\":2083,\"height\":2083},{\"@type\":\"WebSite\",\"@id\":\"https:\\\/\\\/pre.equitat.org\\\/es#website\",\"url\":\"https:\\\/\\\/pre.equitat.org\\\/es\",\"name\":\"Equitat.org\",\"description\":\"educaci\u00f3 per canviar-ho tot\",\"publisher\":{\"@id\":\"https:\\\/\\\/pre.equitat.org\\\/es#organization\"},\"potentialAction\":[{\"@type\":\"SearchAction\",\"target\":{\"@type\":\"EntryPoint\",\"urlTemplate\":\"https:\\\/\\\/pre.equitat.org\\\/es?s={search_term_string}\"},\"query-input\":{\"@type\":\"PropertyValueSpecification\",\"valueRequired\":true,\"valueName\":\"search_term_string\"}}],\"inLanguage\":\"es\"},{\"@type\":\"Organization\",\"@id\":\"https:\\\/\\\/pre.equitat.org\\\/es#organization\",\"name\":\"Equitat\",\"url\":\"https:\\\/\\\/pre.equitat.org\\\/es\",\"logo\":{\"@type\":\"ImageObject\",\"inLanguage\":\"es\",\"@id\":\"https:\\\/\\\/pre.equitat.org\\\/es#\\\/schema\\\/logo\\\/image\\\/\",\"url\":\"https:\\\/\\\/pre.equitat.org\\\/app\\\/uploads\\\/2026\\\/04\\\/fundacio_jaume_bofill_logo.jpg\",\"contentUrl\":\"https:\\\/\\\/pre.equitat.org\\\/app\\\/uploads\\\/2026\\\/04\\\/fundacio_jaume_bofill_logo.jpg\",\"width\":200,\"height\":200,\"caption\":\"Equitat\"},\"image\":{\"@id\":\"https:\\\/\\\/pre.equitat.org\\\/es#\\\/schema\\\/logo\\\/image\\\/\"},\"sameAs\":[\"https:\\\/\\\/www.facebook.com\\\/FundacioBofill?locale=es_ES\",\"https:\\\/\\\/x.com\\\/FundacioBofill\"]}]}<\/script>\n<!-- \/ Yoast SEO plugin. -->","yoast_head_json":{"title":"Anuario de la Educaci\u00f3n en Catalu\u00f1a 2026 - Equitat.org","description":"L\u2019Anuari 2026 constata que el sistema educatiu catal\u00e0 est\u00e0 en un punt cr\u00edtic i que sense una aposta per l'equitat no podr\u00e0 millorar.","robots":{"index":"noindex","follow":"follow","max-snippet":"max-snippet:-1","max-image-preview":"max-image-preview:large","max-video-preview":"max-video-preview:-1"},"og_locale":"es_ES","og_type":"article","og_title":"Anuario de la Educaci\u00f3n en Catalu\u00f1a 2026 - Equitat.org","og_description":"L\u2019Anuari 2026 constata que el sistema educatiu catal\u00e0 est\u00e0 en un punt cr\u00edtic i que sense una aposta per l'equitat no podr\u00e0 millorar.","og_url":"https:\/\/pre.equitat.org\/es\/publicaciones\/anuari-educacio-catalunya-2026","og_site_name":"Equitat.org","article_publisher":"https:\/\/www.facebook.com\/FundacioBofill?locale=es_ES","article_modified_time":"2026-07-13T10:23:03+00:00","og_image":[{"width":2083,"height":2083,"url":"https:\/\/www.equitat.org\/app\/uploads\/2026\/03\/Anuari-2026_educacio-Catalunya.jpg","type":"image\/jpeg"}],"twitter_card":"summary_large_image","twitter_site":"@FundacioBofill","twitter_misc":{"Tiempo de lectura":"2 minutos"},"schema":{"@context":"https:\/\/schema.org","@graph":[{"@type":"WebPage","@id":"https:\/\/pre.equitat.org\/es\/publicaciones\/anuari-educacio-catalunya-2026","url":"https:\/\/pre.equitat.org\/es\/publicaciones\/anuari-educacio-catalunya-2026","name":"Anuario de la Educaci\u00f3n en Catalu\u00f1a 2026 - Equitat.org","isPartOf":{"@id":"https:\/\/pre.equitat.org\/es#website"},"primaryImageOfPage":{"@id":"https:\/\/pre.equitat.org\/es\/publicaciones\/anuari-educacio-catalunya-2026#primaryimage"},"image":{"@id":"https:\/\/pre.equitat.org\/es\/publicaciones\/anuari-educacio-catalunya-2026#primaryimage"},"thumbnailUrl":"https:\/\/pre.equitat.org\/app\/uploads\/2026\/03\/Anuari-2026_educacio-Catalunya.jpg","datePublished":"2026-06-29T08:47:00+00:00","dateModified":"2026-07-13T10:23:03+00:00","description":"L\u2019Anuari 2026 constata que el sistema educatiu catal\u00e0 est\u00e0 en un punt cr\u00edtic i que sense una aposta per l'equitat no podr\u00e0 millorar.","inLanguage":"es","potentialAction":[{"@type":"ReadAction","target":["https:\/\/pre.equitat.org\/es\/publicaciones\/anuari-educacio-catalunya-2026"]}]},{"@type":"ImageObject","inLanguage":"es","@id":"https:\/\/pre.equitat.org\/es\/publicaciones\/anuari-educacio-catalunya-2026#primaryimage","url":"https:\/\/pre.equitat.org\/app\/uploads\/2026\/03\/Anuari-2026_educacio-Catalunya.jpg","contentUrl":"https:\/\/pre.equitat.org\/app\/uploads\/2026\/03\/Anuari-2026_educacio-Catalunya.jpg","width":2083,"height":2083},{"@type":"WebSite","@id":"https:\/\/pre.equitat.org\/es#website","url":"https:\/\/pre.equitat.org\/es","name":"Equitat.org","description":"educaci\u00f3 per canviar-ho tot","publisher":{"@id":"https:\/\/pre.equitat.org\/es#organization"},"potentialAction":[{"@type":"SearchAction","target":{"@type":"EntryPoint","urlTemplate":"https:\/\/pre.equitat.org\/es?s={search_term_string}"},"query-input":{"@type":"PropertyValueSpecification","valueRequired":true,"valueName":"search_term_string"}}],"inLanguage":"es"},{"@type":"Organization","@id":"https:\/\/pre.equitat.org\/es#organization","name":"Equitat","url":"https:\/\/pre.equitat.org\/es","logo":{"@type":"ImageObject","inLanguage":"es","@id":"https:\/\/pre.equitat.org\/es#\/schema\/logo\/image\/","url":"https:\/\/pre.equitat.org\/app\/uploads\/2026\/04\/fundacio_jaume_bofill_logo.jpg","contentUrl":"https:\/\/pre.equitat.org\/app\/uploads\/2026\/04\/fundacio_jaume_bofill_logo.jpg","width":200,"height":200,"caption":"Equitat"},"image":{"@id":"https:\/\/pre.equitat.org\/es#\/schema\/logo\/image\/"},"sameAs":["https:\/\/www.facebook.com\/FundacioBofill?locale=es_ES","https:\/\/x.com\/FundacioBofill"]}]}},"_links":{"self":[{"href":"https:\/\/pre.equitat.org\/es\/wp-json\/wp\/v2\/publicacions\/154921","targetHints":{"allow":["GET"]}}],"collection":[{"href":"https:\/\/pre.equitat.org\/es\/wp-json\/wp\/v2\/publicacions"}],"about":[{"href":"https:\/\/pre.equitat.org\/es\/wp-json\/wp\/v2\/types\/publicacions"}],"wp:featuredmedia":[{"embeddable":true,"href":"https:\/\/pre.equitat.org\/es\/wp-json\/wp\/v2\/media\/154178"}],"wp:attachment":[{"href":"https:\/\/pre.equitat.org\/es\/wp-json\/wp\/v2\/media?parent=154921"}],"curies":[{"name":"wp","href":"https:\/\/api.w.org\/{rel}","templated":true}]}}

Anuario de la Educación en Cataluña 2026

<p class="wp-block-paragraph">El Anuario de la Educación en Cataluña lleva veinte años analizando la evolución de los principales indicadores del sistema educativo. Esta radiografía permite identificar los principales retos del sistema y realizar propuestas para avanzar hacia el derecho a la educación de todo el alumnado.</p>



<p class="wp-block-paragraph">El Anuario 2026 está dirigido por <strong><a href="https://pre.equitat.org/es/persona/alegre-miquel-angel">Miquel Àngel Alegre</a></strong>, jefe de proyectos de Equitat.org y experto en políticas educativas y <a href="https://pre.equitat.org/es/persona/pedro-garcia-francesc"><strong>Francesc Pedró</strong></a>, catedrático de políticas educativas en la Universidad Pompeu Fabra y ex-responsable de programas educativos de la OCDE y la UNESCO. Ha contado con la implicación de 50 expertos y referentes que han liderado capítulos y contrastado análisis en seminarios de trabajo.</p>



<p class="wp-block-paragraph">El Anuario de la educación en Cataluña 2026 constata que en <strong>Cataluña la educación está en un punto crítico</strong>. Las desigualdades educativas se han cronificado, tanto en las trayectorias como en resultados, lo que impide que mejoren los resultados. Esta situación obliga a realizar una apuesta política por políticas de equidad que permitan acabar con los <strong>graves problemas de financiación y de ineficiencia del sistema</strong>. Una apuesta que puede empezar de forma inmediata y que el Anuario propone que priorice <strong>la primaria, los centros con más complejidad y las alternativas para que todo el mundo pueda seguir estudiando </strong>después de la ESO.</p>

<p>El Anuario de la Educación en Cataluña lleva veinte años analizando la evolución de los principales indicadores del sistema educativo. Esta radiografía permite identificar los principales retos del sistema y realizar propuestas para avanzar hacia el derecho a la educación de todo el alumnado.</p>

<!-- This site is optimized with the Yoast SEO plugin v28.3 - https://yoast.com/product/yoast-seo-wordpress/ -->
<title>Anuario de la Educación en Cataluña 2026 - Equitat.org</title>
<meta name="description" content="L’Anuari 2026 constata que el sistema educatiu català està en un punt crític i que sense una aposta per l&#039;equitat no podrà millorar." />
<meta name="robots" content="noindex, follow, max-snippet:-1, max-image-preview:large, max-video-preview:-1" />
<meta property="og:locale" content="es_ES" />
<meta property="og:type" content="article" />
<meta property="og:title" content="Anuario de la Educación en Cataluña 2026 - Equitat.org" />
<meta property="og:description" content="L’Anuari 2026 constata que el sistema educatiu català està en un punt crític i que sense una aposta per l&#039;equitat no podrà millorar." />
<meta property="og:url" content="https://pre.equitat.org/es/publicaciones/anuari-educacio-catalunya-2026" />
<meta property="og:site_name" content="Equitat.org" />
<meta property="article:publisher" content="https://www.facebook.com/FundacioBofill?locale=es_ES" />
<meta property="article:modified_time" content="2026-07-13T10:23:03+00:00" />
<meta property="og:image" content="https://www.equitat.org/app/uploads/2026/03/Anuari-2026_educacio-Catalunya.jpg" />
	<meta property="og:image:width" content="2083" />
	<meta property="og:image:height" content="2083" />
	<meta property="og:image:type" content="image/jpeg" />
<meta name="twitter:card" content="summary_large_image" />
<meta name="twitter:site" content="@FundacioBofill" />
<meta name="twitter:label1" content="Tiempo de lectura" />
	<meta name="twitter:data1" content="2 minutos" />
<script type="application/ld+json" class="yoast-schema-graph">{"@context":"https:\/\/schema.org","@graph":[{"@type":"WebPage","@id":"https:\/\/pre.equitat.org\/es\/publicaciones\/anuari-educacio-catalunya-2026","url":"https:\/\/pre.equitat.org\/es\/publicaciones\/anuari-educacio-catalunya-2026","name":"Anuario de la Educación en Cataluña 2026 - Equitat.org","isPartOf":{"@id":"https:\/\/pre.equitat.org\/es#website"},"primaryImageOfPage":{"@id":"https:\/\/pre.equitat.org\/es\/publicaciones\/anuari-educacio-catalunya-2026#primaryimage"},"image":{"@id":"https:\/\/pre.equitat.org\/es\/publicaciones\/anuari-educacio-catalunya-2026#primaryimage"},"thumbnailUrl":"https:\/\/pre.equitat.org\/app\/uploads\/2026\/03\/Anuari-2026_educacio-Catalunya.jpg","datePublished":"2026-06-29T08:47:00+00:00","dateModified":"2026-07-13T10:23:03+00:00","description":"L’Anuari 2026 constata que el sistema educatiu català està en un punt crític i que sense una aposta per l'equitat no podrà millorar.","inLanguage":"es","potentialAction":[{"@type":"ReadAction","target":["https:\/\/pre.equitat.org\/es\/publicaciones\/anuari-educacio-catalunya-2026"]}]},{"@type":"ImageObject","inLanguage":"es","@id":"https:\/\/pre.equitat.org\/es\/publicaciones\/anuari-educacio-catalunya-2026#primaryimage","url":"https:\/\/pre.equitat.org\/app\/uploads\/2026\/03\/Anuari-2026_educacio-Catalunya.jpg","contentUrl":"https:\/\/pre.equitat.org\/app\/uploads\/2026\/03\/Anuari-2026_educacio-Catalunya.jpg","width":2083,"height":2083},{"@type":"WebSite","@id":"https:\/\/pre.equitat.org\/es#website","url":"https:\/\/pre.equitat.org\/es","name":"Equitat.org","description":"educació per canviar-ho tot","publisher":{"@id":"https:\/\/pre.equitat.org\/es#organization"},"potentialAction":[{"@type":"SearchAction","target":{"@type":"EntryPoint","urlTemplate":"https:\/\/pre.equitat.org\/es?s={search_term_string}"},"query-input":{"@type":"PropertyValueSpecification","valueRequired":true,"valueName":"search_term_string"}}],"inLanguage":"es"},{"@type":"Organization","@id":"https:\/\/pre.equitat.org\/es#organization","name":"Equitat","url":"https:\/\/pre.equitat.org\/es","logo":{"@type":"ImageObject","inLanguage":"es","@id":"https:\/\/pre.equitat.org\/es#\/schema\/logo\/image\/","url":"https:\/\/pre.equitat.org\/app\/uploads\/2026\/04\/fundacio_jaume_bofill_logo.jpg","contentUrl":"https:\/\/pre.equitat.org\/app\/uploads\/2026\/04\/fundacio_jaume_bofill_logo.jpg","width":200,"height":200,"caption":"Equitat"},"image":{"@id":"https:\/\/pre.equitat.org\/es#\/schema\/logo\/image\/"},"sameAs":["https:\/\/www.facebook.com\/FundacioBofill?locale=es_ES","https:\/\/x.com\/FundacioBofill"]}]}</script>
<!-- / Yoast SEO plugin. -->

Anuario de la Educación en Cataluña 2026 - Equitat.org

L’Anuari 2026 constata que el sistema educatiu català està en un punt crític i que sense una aposta per l'equitat no podrà millorar.

educació per canviar-ho tot
